is -136 + 2332?
2196
In base 11, what is -96 - -998?
902
In base 5, what is -3 + 222131122?
222131114
In base 14, what is 15 - -73a2b?
73a42
In base 7, what is -6 - 425?
-434
In base 3, what is -200022 - 20120?
-220212
In base 6, what is 5342 - -4041?
13423
In base 16, what is -10f - -2c0?
1b1
In base 10, what is 3047781 + -5?
3047776
In base 12, what is -1200 - 106?
-1306
In base 9, what is -60 - -4532?
4462
In base 3, what is -101200200 + 10021?
-101120102
In base 3, what is -11 + -22001212?
-22002000
In base 3, what is 1 - -100201211112?
100201211120
In base 3, what is -100200020 - -201?
-100122112
In base 13, what is -2763 + -56?
-27b9
In base 8, what is -20716 - 3?
-20721
In base 4, what is 122233 - 20?
122213
In base 4, what is 1 - 1101201302?
-1101201301
In base 9, what is 326711 - 1?
326710
In base 10, what is -77963 - -15?
-77948
In base 8, what is 2062 - -3041?
5123
In base 8, what is 5 + 1003576?
1003603
In base 14, what is d4 + 9d?
193
In base 5, what is 24113 - -2?
24120
In base 5, what is 2333024 - 3?
2333021
In base 2, what is -1100111 - -1100010111?
1010110000
In base 15, what is -1045a - -1?
-10459
In base 6, what is -45 + -2032551?
-2033040
In base 12, what is 13334 + 1?
13335
In base 7, what is 1301 + -31?
1240
In base 2, what is -101101 + -10001000001?
-10001101110
In base 10, what is 2543103 + -2?
2543101
In base 12, what is 2014a - 0?
2014a
In base 4, what is 311131011 + 11?
311131022
In base 9, what is 4 - -2353?
2357
In base 6, what is -350420441 + 4?
-350420433
In base 10, what is 2491 + -156?
2335
In base 6, what is -1441455 + -4?
-1441503
In base 16, what is 621a - 86?
6194
In base 12, what is -8b20 - -a?
-8b12
In base 11, what is -2aa4 + 76?
-2a29
In base 5, what is -101 - 2001123?
-2001224
In base 15, what is 532 - -14?
546
In base 12, what is 1a3a + -4a5?
1555
In base 16, what is -a00 + -126?
-b26
In base 9, what is -1052 - -5600?
4537
In base 10, what is -5068 - 5?
-5073
In base 10, what is 6 + -108881?
-108875
In base 9, what is -55 + -7317?
-7373
In base 6, what is -1044 - -252?
-352
In base 13, what is 14976 + 5?
1497b
In base 4, what is 21 + 320312?
320333
In base 14, what is -88 + 55b?
4b3
In base 10, what is 365 + 2304?
2669
In base 15, what is -2 - -10770?
1076d
In base 13, what is 2 - 4b458?
-4b456
In base 15, what is 194 - 83?
111
In base 14, what is -131 - 8d?
-1c0
In base 12, what is -16b7 + 233?
-1484
In base 4, what is -1301 - -223?
-1012
In base 14, what is 5 + -20959?
-20954
In base 12, what is -9bba2 + -4?
-9bba6
In base 16, what is 0 - 86028?
-86028
In base 8, what is 246 + -722?
-454
In base 2, what is 110000 - 10110010?
-10000010
In base 6, what is 10 - -10051?
10101
In base 10, what is 1425 + -20?
1405
In base 16, what is -27d - -18?
-265
In base 15, what is 0 + -1a41?
-1a41
In base 4, what is 33303 + -321?
32322
In base 8, what is -14 - 746?
-762
In base 5, what is -214301 + -21?
-214322
In base 7, what is 646545 + 23?
646601
In base 8, what is -377374 + 0?
-377374
In base 15, what is 7a8 + 41?
7e9
In base 6, what is -23335 + 3115?
-20220
In base 11, what is 77 - 249?
-182
In base 4, what is 0 + -3211212112?
-3211212112
In base 12, what is -33 + 58?
25
In base 15, what is 10d1b5 - 5?
10d1b0
In base 6, what is -152214 + 314?
-151500
In base 11, what is 9 + 8590?
8599
In base 10, what is -858497 + 5?
-858492
In base 16, what is -c - 53?
-5f
In base 7, what is 2 - 205410?
-205405
In base 15, what is 7e11 + 12?
7e23
In base 15, what is 1 - -17e692?
17e693
In base 14, what is 87 + 439?
4c2
In base 12, what is 10048 + -104?
bb44
In base 12, what is -1 + -5050?
-5051
In base 13, what is 16ca5 - -5?
16caa
In base 5, what is -1030332 + -1102?
-1031434
In base 7, what is -4446 + 1?
-4445
In base 3, what is 11102211 - -20?
11110001
In base 13, what is -b - -567?
559
In base 4, what is -11123 + 1031?
-10032
In base 12, what is -23 - -132729?
132706
In base 14, what is 1 - 18a3?
-18a2
In base 15, what is -226 - -332?
10b
In base 10, what is -775149 + 5?
-775144
In base 7, what is 311642 + 3?
311645
In base 4, what is 2103210033 - 0?
2103210033
In base 6, what is 412053 - 4?
412045
In base 2, what is 100000000010 + -11100010?
11100100000
In base 5, what is -130 - -32421?
32241
In base 13, what is 291a + -538?
23b2
In base 2, what is -101 + -11010001011100?
-11010001100001
In base 5, what is 21 - -213203?
213224
In base 12, what is 2 + 37007a?
370080
In base 2, what is 110110110100111001 + 11?
110110110100111100
In base 9, what is 537003 + 1?
537004
In base 5, what is -3 - -10202?
10144
In base 14, what is -5 + 531cb?
531c6
In base 13, what is -232 - -21?
-211
In base 4, what is 31 - -1103123?
1103220
In base 12, what is 761 + -10?
751
In base 2, what is 100000101010110110 + 0?
100000101010110110
In base 4, what is -122131 - -2?
-122123
In base 14, what is -4214 - -1?
-4213
In base 12, what is 1 + -b7805?
-b7804
In base 5, what is -123400 + -3133?
-132033
In base 3, what is 121102221 + -1?
121102220
In base 12, what is -92 + -1b6?
-288
In base 13, what is -2098 + -bb?
-2186
In base 6, what is -4415 + -12?
-4431
In base 12, what is 444 + 217?
65b
In base 11, what is 9880a + 5?
98814
In base 7, what is 11312 - -55?
11400
In base 8, what is 2 - -11732?
11734
In base 11, what is -117702 - 3?
-117705
In base 9, what is 8 + 65851?
65860
In base 5, what is -30 - 41014?
-41044
In base 5, what is -32024 + -23?
-32102
In base 4, what is -10323 + -223023?
-300012
In base 5, what is 1043 - 12312?
-11214
In base 5, what is 10 - -300304?
300314
In base 6, what is 323444 - 130?
323314
In base 9, what is -7488 - -8?
-7480
In base 12, what is -3 - 5184a?
-51851
In base 10, what is -8 + -7808?
-7816
In base 8, what is 150074 - 13?
150061
In base 9, what is 66 + -8636?
-8560
In base 15, what is 2 + -26b34?
-26b32
In base 11, what is 5535 + 39?
5573
In base 16, what is 64 - -8?
6c
In base 14, what is -5916b - 1?
-5916c
In base 6, what is 253 - 100333?
-100040
In base 2, what is -1000 - -10100000010011?
10100000001011
In base 7, what is 214140 + 4?
214144
In base 3, what is 0 - 1001110?
-1001110
In base 3, what is -20200102220 + -2?
-20200102222
In base 16, what is c5f - 167?
af8
In base 13, what is 138720c - 0?
138720c
In base 13, what is -56850 - -5?
-56848
In base 2, what is 1110 - -101101000110000?
101101000111110
In base 5, what is -334 - 141001?
-141340
In base 5, what is -34330213 + -4?
-34330222
In base 12, what is -183 - 20?
-1a3
In base 2, what is -101010100001000000001 + 1?
-101010100001000000000
In base 13, what is -54 - -144?
c0
In base 14, what is 35 - 17c1?
-178a
In base 10, what is -597 + -354?
-951
In base 9, what is -3 - -170780?
170776
In base 11, what is -7015 + 19?
-6aa7
In base 12, what is -16ba - 2?
-1700
In base 9, what is -101550 - 1?
-101551
In base 5, what is 20131 - 114?
20012
In base 11, what is -4 + 107a4?
107a0
In base 16, what is -ea85 + -c?
-ea91
In base 12, what is -538 - 15?
-551
In base 15, what is -b8 + 74b?
683
In base 15, what is 0 + 328b?
328b
In base 8, what is 261037 - 4?
261033
In base 10, what is 4652655 - -1?
4652656
In base 12, what is 10026 + -5?
10021
In base 4, what is -3 + 2101133?
2101130
In base 13, what is -4 + 3a14?
3a10
In base 6, what is -1052422 + 1?
-1052421
In base 2, what is 100001100001101110 - 10?
100001100001101100
In base 12, what is -2492 - 111?
-25a3
In base 7, what is 31 - -46366?
46430
In base 9, what is -3 - -6370?
6366
In base 7, what is -24 - 2006?
-2033
In base 9, what is -3 - 32103?
-32106
In base 13, what is 1337 - -5?
133c
In base 7, what is 312 + 446?
1061
In base 15, what is 6108 - -85?
618d
In base 8, what is -4672 - 34?
-4726
In base 13, what is -5a31ac + 4?
-5a31a8
In base 3, what is 11 + -200210122101?
-200210122020
In base 3, what is 102 + 2211211?
2212020
In base 16, what is -233 - -e?
-225
In base 2, what is -101100000011110 + 1?
-101100000011101
In base 15, what is 21c21 + 4?
21c25
In base 9, what is -14 - -8630?
8615
In base 2, what is 11 - 100011101010100?
-100011101010001
In base 3, what is 1 + -11221101?
-11221100
In base 7, what is 6612 + -25?
6554
In base 16, what is b72 - -1b?
b8d
In base 13, what is 79 + 4bc?
568
In base 7, what is -22 + -136633?
-136655
In base 10, what is -5 - -265?
260
In base 15, what is -502 + -234?
-736
In ba